-516?
-15425241
In base 11, what is -5 + 5968398?
5968393
In base 11, what is -456294 - -26?
-456269
In base 13, what is 34c870 - 0?
34c870
In base 12, what is 262 + 11b8?
145a
In base 8, what is 417333263 - 3?
417333260
In base 8, what is -5 + -12602741?
-12602746
In base 6, what is -410 - -223123?
222313
In base 16, what is add - -2b2?
d8f
In base 8, what is -13 + -44015135?
-44015150
In base 3, what is -1110121112120000 + 202?
-1110121112112021
In base 13, what is 15a39a03 - -1?
15a39a04
In base 7, what is 16144556 - 2?
16144554
In base 2, what is 11011001110000111011101 + -101?
11011001110000111011000
In base 15, what is 4726d15 + -a?
4726d0a
In base 11, what is 27a55 - 671?
27394
In base 8, what is -3435 - -3633?
176
In base 6, what is 50401 + -2322051?
-2231250
In base 14, what is 21 - -52d08?
52d29
In base 16, what is -5feecf1e - 0?
-5feecf1e
In base 14, what is 7dd10 - a26?
7d2c8
In base 2, what is -1001100000111101011111 - 111?
-1001100000111101100110
In base 10, what is 776 + -708?
68
In base 9, what is 2227 + -16482?
-14254
In base 10, what is 10 - -9779696?
9779706
In base 2, what is -100101000100011111011 + -11100011?
-100101000100111011110
In base 2, what is 1011110001101000110110 + -10000?
1011110001101000100110
In base 4, what is -111000033 + 32?
-111000001
In base 12, what is -30328 + -3041?
-33369
In base 12, what is 2 + 17650aa?
17650b0
In base 3, what is 1002110210120002 + -11?
1002110210112221
In base 13, what is -b5 - 249546?
-24962b
In base 6, what is 0 + -2534154314?
-2534154314
In base 16, what is 264f2 + -309?
261e9
In base 11, what is -2651194 + -1?
-2651195
In base 4, what is -3313 - 2100203?
-2110122
In base 16, what is ced63ca + -6?
ced63c4
In base 7, what is 1242266 + 5?
1242304
In base 2, what is 1110 + -1110110001001011011110?
-1110110001001011010000
In base 15, what is 6e1e113 + 4?
6e1e117
In base 6, what is -14354205145 - -3?
-14354205142
In base 7, what is -1406 + -120066?
-121505
In base 13, what is -1 + 2451c0?
2451bc
In base 5, what is 244 + -121031444?
-121031200
In base 10, what is 354 - -1127694?
1128048
In base 6, what is -5 - -2312124412?
2312124403
In base 9, what is 3 + 14058311?
14058314
In base 13, what is 20b4 - 6b8?
16c9
In base 11, what is 71 - 210a579?
-210a508
In base 3, what is -2100010222010122 + 2?
-2100010222010120
In base 4, what is -322 + 3123013200?
3123012212
In base 10, what is -626246308 + -3?
-626246311
In base 16, what is 4635da3 - 4?
4635d9f
In base 11, what is 7aa5 - 9157?
-1162
In base 2, what is -1001001000010100 - 1000001011000?
-1010001001101100
In base 5, what is 31123 - -1324?
33002
In base 16, what is 18b26ce - 3?
18b26cb
In base 9, what is -46125 + 16500?
-28525
In base 12, what is -11 + -1109292?
-11092a3
In base 13, what is -8 - -466?
45b
In base 6, what is 22102433 + -1415?
22101014
In base 14, what is -115c47 + 21a?
-115a2b
In base 14, what is 2b2010 - 291?
2b1b5d
In base 7, what is -440324264 - 4?
-440324301
In base 16, what is 554285 - 37?
55424e
In base 13, what is -38c99a + -5?
-38c9a2
In base 6, what is 52144214 - 4?
52144210
In base 13, what is 4 - -1b69875?
1b69879
In base 7, what is -21661036 + -13?
-21661052
In base 10, what is -5393608 - -2?
-5393606
In base 13, what is -37596 + 104?
-37492
In base 6, what is 1130511 - -34?
1130545
In base 12, what is 1 - -2a79bb03?
2a79bb04
In base 15, what is -72e - -7e7?
b8
In base 3, what is 110 + -11102021011010?
-11102021010200
In base 14, what is 5a652 + 37?
5a689
In base 12, what is 255882 + 0?
255882
In base 6, what is -440042441 - -121?
-440042320
In base 16, what is -12 - 4b86d?
-4b87f
In base 13, what is 2 + -214061a?
-2140618
In base 5, what is -4123 - 243020333?
-243030011
In base 14, what is -2d34 - 2c8?
-321c
In base 11, what is 6 - -51895?
518a0
In base 3, what is -100111101220 - -101122?
-100111000021
In base 9, what is 108 + -117303?
-117184
In base 2, what is 100000110010011 + 10101000010110?
110101110101001
In base 4, what is 1201022203120 - 33?
1201022203021
In base 13, what is -b - 778c54?
-778c62
In base 7, what is -13252 + -243122?
-256404
In base 14, what is a82ab + 215?
a84c2
In base 12, what is 17 + -2ba028?
-2ba011
In base 9, what is -161404 + 328?
-161065
In base 3, what is -20210111 + -1220212111?
-2011122222
In base 7, what is 5006 + -614646?
-606640
In base 13, what is 694b - 776?
61a5
In base 3, what is -2120 - 101121210001?
-101121212121
In base 2, what is 1100111001000110010111111 - -10000?
1100111001000110011001111
In base 16, what is -7dc7 - -71?
-7d56
In base 8, what is -44653 + 341?
-44312
In base 4, what is 1001122 + 1023001?
2030123
In base 10, what is 42232 - -33436?
75668
In base 8, what is -31546 - 61400?
-113146
In base 4, what is -1230323211201 - 1?
-1230323211202
In base 3, what is -11010201011 + -102110?
-11011010121
In base 7, what is -4 + -1020564325?
-1020564332
In base 10, what is -7766603 + 6?
-7766597
In base 9, what is -47860810 - 1?
-47860811
In base 5, what is -3 + 343134420112?
343134420104
In base 6, what is 1 - -1555311111?
1555311112
In base 11, what is 6840a74 + -2?
6840a72
In base 10, what is 2938433 + -11?
2938422
In base 15, what is 1e7232e - 1?
1e7232d
In base 14, what is -183249 - -5?
-183244
In base 3, what is 11 - -1202100011100?
1202100011111
In base 4, what is -10 + 121100313311?
121100313301
In base 2, what is -11110011001 - 10000100111000001111?
-10000101010110101000
In base 3, what is 12 + 2011212000121212?
2011212000122001
In base 6, what is -214 - -30530040?
30525422
In base 12, what is -b12 + 15344?
14432
In base 10, what is -10 - 8548876?
-8548886
In base 3, what is 11 - -11212101112212?
11212101120000
In base 16, what is -1231447 + -3?
-123144a
In base 9, what is -135 + -12108817?
-12110053
In base 7, what is 322 + -145516110?
-145515455
In base 3, what is 100002 + -10211201121?
-10211101112
In base 9, what is 506 + -1634?
-1127
In base 10, what is -2 - -17362956?
17362954
In base 11, what is -1a62a + 326?
-1a304
In base 16, what is -3 + c9145a?
c91457
In base 11, what is -17408 - 6315?
-22722
In base 2, what is 101011010011011111010010001 + 1?
101011010011011111010010010
In base 7, what is 221014 - -34446?
255463
In base 2, what is -110000000001111010101 + 1?
-110000000001111010100
In base 3, what is -22202212000010202 - -1?
-22202212000010201
In base 13, what is -2 - -1329a714?
1329a712
In base 10, what is -3812904 - 332?
-3813236
In base 9, what is 1366 - 350144?
-347667
In base 10, what is -114 + -14744?
-14858
In base 8, what is 1 + -127054270?
-127054267
In base 2, what is -1110100011011101100001110 - 100?
-1110100011011101100010010
In base 3, what is 101101202101110 + 1102?
101101202102212
In base 6, what is -222 + 25525304?
25525042
In base 2, what is 101101100001 - -110110111?
110100011000
In base 10, what is -8515308 - 4?
-8515312
In base 12, what is -15067 - -47?
-15020
In base 7, what is -1203 + -1301102?
-1302305
In base 4, what is -22 - -13200031002?
13200030320
In base 15, what is -c66 + -1b955?
-1c6bb
In base 9, what is -3 + 5111538?
5111535
In base 13, what is -15 + -3c2520?
-3c2535
In base 4, what is 10 - -3032212300201?
3032212300211
In base 15, what is 2 + -4d59ab?
-4d59a9
In base 15, what is 5be869d - 9?
5be8694
In base 8, what is -111046641 + 1?
-111046640
In base 9, what is -6350667 + 23?
-6350644
In base 2, what is -10100011111 + -1000110111010001101?
-1000111001110101100
In base 4, what is -121000121 + -11103?
-121011230
In base 5, what is 1102324 - 2101?
1100223
In base 5, what is 11 - 2033321404?
-2033321343
In base 9, what is 3316536 - -7?
3316544
In base 6, what is -542004 + -103?
-542111
In base 13, what is 3 + -5b61cac?
-5b61ca9
In base 2, what is -11 - 1011011110000001011101000110?
-1011011110000001011101001001
In base 10, what is -4013194 - 110?
-4013304
In base 3, what is -11 + -122000102212202012?
-122000102212202100
In base 15, what is b6e788 - -b?
b6e794
In base 4, what is -3 + -2223200131010?
-2223200131013
In base 16, what is -14 + -ef32?
-ef46
In base 9, what is -38221174 - -2?
-38221172
In base 9, what is 27 + 203256?
203284
In base 4, what is 112130331 + 131313?
112322310
In base 8, what is 2 + -117077225?
-117077223
In base 2, what is 11110000110001011 + -10111001100?
11101101110111111
In base 15,